 s(a) = -2*a**3 - a**2 + 4*a - 4. Let n be s(-4). Let g = -54 + n. Suppose g = 4*c - 2*c. Calculate the remainder when 36 is divided by c.
17
Let d be 7 + -1 + 1*-2. Suppose -5*a = -d*a - 11. What is the remainder when 53 is divided by a?
9
Let k be 10/15 + 104/6. Suppose r - k = -r. What is the remainder when r is divided by 5?
4
Let r(i) = 5*i**3 - 12*i**3 - 5*i**3 - 2 + 1. What is the remainder when r(-1) is divided by 7?
4
Suppose -2*s - 4 = -4*s. Suppose 0 = s*n - n - 7. What is the remainder when 12 is divided by n?
5
Let h(z) = 8*z**2. Let t be (-4 - -2 - -3)*1. Calculate the remainder when 38 is divided by h(t).
6
What is the remainder when 35 is divided by 6*(12/20 - (-4)/10)?
5
Let g(p) = -6*p - 1. Let u be g(1). Calculate the remainder when 10 is divided by (0 + -12)*u/14.
4
Suppose 3*f = 82 - 22. Suppose -3*i + 36 = 15. What is the remainder when f is divided by i?
6
Let z = 4 - 4. Suppose 3*b + 3*f - 1 - 29 = 0, z = 4*f - 20. Calculate the remainder when 13 is divided by b.
3
Let f = 69 - 56. Calculate the remainder when 36 is divided by f.
10
Let a = 21 - 15. What is the remainder when (3 - (24 + -4))*-1 is divided by a?
5
Suppose -25 = -3*l + 2*l. Suppose -5*z + l = 5*v - 55, -4*v - 3*z = -60. Calculate the remainder when 22 is divided by v.
10
Suppose -g - 3*r + 32 = 3*g, 16 = 2*g + 4*r. What is the remainder when 17 is divided by 44/g - (-1)/(-2)?
2
Suppose 0 = 3*s + f - 59, 2*s - 17 = 5*f + 11. Suppose 3*l = -4*k + 1 + s, 0 = 5*k + 20. Calculate the remainder when 34 is divided by l.
10
Let q = -59 - -82. Let c(s) = 36*s**2 + 3*s - 1. Let z be c(1). Let j = q + z. What is the remainder when j is divided by 16?
13
Let g = 25 - -21. Suppose -9 + 33 = u. Calculate the remainder when g is divided by u.
22
Calculate the remainder when ((-5)/(-50)*5)/(2/332) is divided by 15.
8
Suppose 29 = 3*m + 2. Suppose 0 = -2*p + m + 9. Suppose 106 - 26 = 5*q. Calculate the remainder when q is divided by p.
7
Let s(f) = -f**3 - 2*f**2 - 2*f - 1. Let t be s(-1). Suppose -2*d + 52 = -t*d. What is the remainder when d is divided by 9?
8
Let j = -4 + 3. Let i be j*2*-1 + 1. Suppose -5*n = 4*b - 156, n - 94 = -3*b + i*n. Calculate the remainder when b is divided by 12.
10
Let b(g) be the second derivative of g**3/3 + 4*g**2 + 5*g. What is the remainder when b(6) is divided by 11?
9
Let f(l) = -l**2 + 6*l - 3. Let u be f(2). Suppose 4*n + y = u*n - 10, 4*y - 26 = -2*n. Let h = 86 + -82. What is the remainder when n is divided by h?
3
Let z be (-1 - -6)*(-8)/(-10). Calculate the remainder when (-1 + 2)*(34 - z) is divided by 8.
6
Let r(v) = 3*v - 9. Let i(h) = -6*h + 17. Let b(z) = 3*i(z) + 7*r(z). What is the remainder when 35 is divided by b(8)?
11
Let q(s) = -4*s - 4. What is the remainder when 11 is divided by q(-2)?
3
Suppose -26*j + 30*j = 300. What is the remainder when j is divided by (1 + (-21)/2)*-2?
18
Let c = -1 - -6. Suppose -l - t = -0*t - 26, -c*t + 109 = 4*l. Calculate the remainder when l is divided by 6.
3
Suppose 0*u - 2 = -u, 19 = 5*f - 3*u. Let x = -6 - -11. Suppose -2*w = -4*w - 2*j + 18, 0 = -w + 3*j + x. Calculate the remainder when w is divided by f.
3
Suppose r - 6 = 4*r. Let d be (8/6)/r*-3. Suppose -i + 4*i = d*l + 36, 0 = 5*i - 2*l - 64. Calculate the remainder when i is divided by 5.
4
Let r be (-105)/(-28) - 3/4. Suppose -r*d - 4*t + 32 = 0, -d - 2*t + 19 = 5. Suppose -d*q + 0 = -104. Calculate the remainder when q is divided by 14.
12
Let i = 20 + -8. What is the remainder when 45 is divided by i?
9
Calculate the remainder when 7/42 - 214/(-12) is divided by 14.
4
Suppose -14*x = -10*x - 92. Calculate the remainder when 87 is divided by x.
18
Suppose 5*a - 21 = -6. Calculate the remainder when 6 is divided by 24/9 + 1/a.
0
Suppose -9*g + 40 = -4*g. What is the remainder when 184/6 + (-3)/(-9) is divided by g?
7
Let f(p) = 2*p**2 - 9*p + 9. Let b = 4 + 2. Let l be f(b). Let j = 38 - l. Calculate the remainder when 31 is divided by j.
9
Let t(v) = 6*v - 6. Let l be t(6). Suppose 0 = d + d - l. Let x = -21 - -64. What is the remainder when x is divided by d?
13
Let r be (-9)/6*4/(-3). Suppose 2 = r*t - t. Suppose -5*k = -3*u + 33, t*u - 5*u + 57 = 3*k. What is the remainder when u is divided by 6?
4
Suppose 255 - 635 = 4*u. Let k = -36 - u. What is the remainder when k is divided by 20?
19
Let p(i) = 117*i - 1. What is the remainder when p(1) is divided by 39?
38
Let k(s) = -s**2 - 6*s - 4 + 3 - 2. Let z be k(-5). Calculate the remainder when 28 is divided by (-117)/(-12) - z/(-8).
8
What is the remainder when 14/(-21) + 238/6 is divided by 10?
9
Let t(n) = n + 7. Let f be t(-5). Calculate the remainder when (-2 - 57/(-2))*f is divided by 14.
11
Suppose 37 = 3*q - 41. Let l = 28 - 16. Suppose l = y + 3. Calculate the remainder when q is divided by y.
8
Let j = -5 + -10. Let i = 33 + j. What is the remainder when 52 is divided by i?
16
Suppose 0 = -4*o - 3*f + 364 - 95, o - f - 62 = 0. Suppose -l - o = -6*l. Let u = 59 - 22. What is the remainder when u is divided by l?
11
Let k be 1988/77 - (-4)/22. Let r = k - -9. What is the remainder when r is divided by 12?
11
Let l(s) = s + 16. Let u be l(-11). Suppose -28 = -u*n + 4*z + 140, -n + 3*z = -27. Calculate the remainder when n is divided by 13.
10
Suppose 2*d - 10*d + 536 = 0. Calculate the remainder when d is divided by (-1 - -25) + 1/(-1).
21
Suppose -u + 6*h + 4 = 2*h, -u + 7 = -5*h. Let w(i) = -i - 4. Let j = 22 + -12. Calculate the remainder when j is divided by w(u).
2
Suppose -4*j + 5 = 3*o - 2, o - j = 7. Calculate the remainder when 17 is divided by o.
2
Let d(v) = -v**3 - 9*v**2 - v + 10. Let j be d(-9). Let a = -4 + j. What is the remainder when a is divided by 8?
7
Let n be ((4 - 2) + -7)*-1. Suppose -5*v = -0*v - 3*u - 37, 0 = -4*v + n*u + 40. Suppose v*g - 1 = 4*g. What is the remainder when 2 is divided by g?
0
Let i(s) = 9*s + 4 + 12 - s**2 - 23. What is the remainder when 32 is divided by i(3)?
10
Let r be 30/(-25)*(-10)/(-3). Let m(n) = n**2 - 3*n - 3. Let w(v) = -v + 17. What is the remainder when m(r) is divided by w(8)?
7
Let o(d) = -8*d. Let l = 32 + -26. What is the remainder when o(-2) is divided by l?
4
Let c = -28 - -56. Let a be 0 - (2/(-2) + 46). What is the remainder when c is divided by (-460)/a + (-4)/18?
8
Suppose 103 = 3*k + 2*n, 2*k + 10 = 5*n + 66. Suppose -4*g - 5*s = -k, -s - 32 = -5*g + 2*s. Let l = 3 + 1. Calculate the remainder when g is divided by l.
3
Let j(g) = -34*g - 12. Calculate the remainder when j(-3) is divided by 23.
21
Suppose -2*g = -14 - 20. Let a(m) = m**2 - 15*m + 25. What is the remainder when a(g) is divided by 12?
11
Suppose -10*k + 8*k = -12. Suppose -p - 3 = -k. Calculate the remainder when p is divided by (-3)/((2/(-2))/1).
0
Let z(k) = k**2 + 10*k - 2. Suppose -13 - 38 = -3*n. Calculate the remainder when n is divided by z(-11).
8
Let a(o) = -o**2 + 1. Let d be a(-1). Suppose 135 = -d*y + 5*y. What is the remainder when y is divided by (-2)/(-13) + 178/26?
6
Let m(w) = 7*w + 22. Calculate the remainder when 107 is divided by m(0).
19
Suppose 2*p + 22 = -4*a + 74, -5*a - 25 = 0. Calculate the remainder when 106 is divided by p.
34
Suppose a + 0*a = 88. Calculate the remainder when a is divided by 13.
10
Let q = -12 - -22. Let m(z) = z**2 + z + 6. Let o be m(6). What is the remainder when (-42)/(-4)*o/28 is divided by q?
8
Let i = 254 - 181. What is the remainder when i is divided by 19?
16
Let d(g) = -g**3 + 9*g**2 + 8. Calculate the remainder when d(9) is divided by 3.
2
Suppose l + 5*a = -9, l + 3*a = 5*l - 10. Let w = -2 + 3. Calculate the remainder when w is divided by l.
0
Let p = -12 + 20. What is the remainder when 28 is divided by p?
4
Suppose 4*b - 13 = -0*c + c, -5*b - 2*c + 13 = 0. Suppose 5*m - 2*p + 1 = 0, 4*m - 4*p = -0*p + 4. Calculate the remainder when 26 is divided by 8 - (3/b)/m.
8
Suppose 0*q + 5*q = 0. Suppose q = 3*n - 9 - 15. What is the remainder when 22 is divided by n?
6
Let b = -72 - -108. Suppose 4*g = -0*g + b. Calculate the remainder when 26 is divided by g.
8
Suppose 0 = -3*i + 2*i + 14. Calculate the remainder when i is divided by 1/(-3) - (-16)/3.
4
Let f = -32 + 37. Suppose -f*v + 0*v = -305. Suppose 0*q = -q + 16. What is the remainder when v is divided by q?
13
Let c(n) 